divided by 350?
280
What is the remainder when 75829303 is divided by 76?
75
Calculate the remainder when 95706 is divided by 3832.
3738
Calculate the remainder when 20563789 is divided by 32.
13
What is the remainder when 108522769 is divided by 6029042?
13
What is the remainder when 1301585 is divided by 433848?
41
What is the remainder when 69166 is divided by 226?
10
Calculate the remainder when 1170888 is divided by 17.
13
Calculate the remainder when 1599136 is divided by 109.
106
Calculate the remainder when 635186 is divided by 2799.
2612
Calculate the remainder when 606589 is divided by 2517.
2509
Calculate the remainder when 11456833 is divided by 95.
23
What is the remainder when 806912 is divided by 1255?
1202
Calculate the remainder when 768989 is divided by 1140.
629
Calculate the remainder when 250285 is divided by 2690.
115
Calculate the remainder when 2674856 is divided by 873.
857
Calculate the remainder when 117127 is divided by 2545.
57
What is the remainder when 990819 is divided by 1954?
141
What is the remainder when 58005 is divided by 57981?
24
Calculate the remainder when 1833126 is divided by 603.
6
What is the remainder when 373827 is divided by 2801?
1294
What is the remainder when 831475 is divided by 6393?
385
Calculate the remainder when 674378 is divided by 168200.
1578
What is the remainder when 420430 is divided by 2015?
1310
What is the remainder when 78380041 is divided by 18?
13
Calculate the remainder when 45728410 is divided by 183.
4
What is the remainder when 29571 is divided by 1140?
1071
Calculate the remainder when 2927916 is divided by 19.
16
Calculate the remainder when 1964177 is divided by 54560.
17
What is the remainder when 115651 is divided by 1324?
463
Calculate the remainder when 635224 is divided by 1437.
70
What is the remainder when 59971580 is divided by 35?
25
What is the remainder when 5213904 is divided by 2262?
2256
What is the remainder when 361136 is divided by 117?
74
Calculate the remainder when 3553405 is divided by 197377.
619
What is the remainder when 435270 is divided by 1319?
0
Calculate the remainder when 47110 is divided by 228.
142
What is the remainder when 469096 is divided by 469091?
5
What is the remainder when 656002 is divided by 21840?
802
Calculate the remainder when 1635431 is divided by 44.
39
Calculate the remainder when 21879900 is divided by 936.
900
What is the remainder when 21827486 is divided by 381?
377
What is the remainder when 2368701 is divided by 934?
77
Calculate the remainder when 62382942 is divided by 58.
56
Calculate the remainder when 406826495 is divided by 144.
143
What is the remainder when 40052 is divided by 7944?
332
Calculate the remainder when 3541809 is divided by 1423.
1385
What is the remainder when 13615039 is divided by 695?
684
What is the remainder when 105635177 is divided by 6162?
11
Calculate the remainder when 16976411 is divided by 1061024.
27
What is the remainder when 5607724 is divided by 314?
312
What is the remainder when 370750 is divided by 79?
3
What is the remainder when 560978 is divided by 176?
66
What is the remainder when 26643521 is divided by 782?
781
What is the remainder when 66764 is divided by 13227?
629
Calculate the remainder when 540057 is divided by 179999.
60
Calculate the remainder when 59772219 is divided by 1992407.
9
Calculate the remainder when 184866282 is divided by 293.
276
Calculate the remainder when 32426 is divided by 1351.
2
What is the remainder when 10006542 is divided by 3335503?
33
What is the remainder when 5575766 is divided by 966?
14
What is the remainder when 10163359 is divided by 1697?
26
What is the remainder when 3606850 is divided by 2015?
0
Calculate the remainder when 962582 is divided by 428.
10
Calculate the remainder when 5491419 is divided by 34.
11
Calculate the remainder when 533588 is divided by 88909.
134
What is the remainder when 122263799 is divided by 25?
24
Calculate the remainder when 149860783 is divided by 4027.
5
What is the remainder when 2515791 is divided by 35?
26
What is the remainder when 42242 is divided by 8724?
7346
Calculate the remainder when 13505100 is divided by 900340.
0
Calculate the remainder when 13128300 is divided by 486233.
9
What is the remainder when 41758368 is divided by 57?
54
What is the remainder when 507521 is divided by 16371?
20
Calculate the remainder when 31918 is divided by 626.
618
Calculate the remainder when 3748331 is divided by 1249441.
8
Calculate the remainder when 535401 is divided by 327.
102
What is the remainder when 754553 is divided by 6608?
1241
Calculate the remainder when 6443425 is divided by 2147547.
784
Calculate the remainder when 2039284 is divided by 9.
1
What is the remainder when 195577 is divided by 10?
7
Calculate the remainder when 260170 is divided by 15023.
4779
What is the remainder when 1935553 is divided by 677?
10
What is the remainder when 3481211 is divided by 402?
293
What is the remainder when 472213 is divided by 530?
513
What is the remainder when 372409 is divided by 124104?
97
Calculate the remainder when 5103220 is divided by 132.
100
What is the remainder when 193893 is divided by 47979?
1977
Calculate the remainder when 5349927 is divided by 30.
27
Calculate the remainder when 13031902 is divided by 5644.
5550
What is the remainder when 35574098 is divided by 50?
48
What is the remainder when 215441659 is divided by 973?
972
Calculate the remainder when 244970 is divided by 5208.
194
What is the remainder when 404238 is divided by 2546?
1970
What is the remainder when 66967 is divided by 16507?
939
What is the remainder when 319313 is divided by 115?
73
Calculate the remainder when 40531 is divided by 280.
211
Calculate the remainder when 28652208 is divided by 97.
57
What is the remainder when 42978 is divided by 20352?
2274
Calculate the remainder when 8766770 is divided by 247.
246
What is the remainder when 9284 is divided by 8528?
756
What is the remainder when 897070 is divided by 88?
86
Calculate the remainder when 18484 is divided by 543.
22
What is the remainder when 797766 is divided by 4070?
46
What is the remainder when 27539 is divided by 27276?
263
Calculate the remainder when 1243591 is divided by 28917.
160
Calculate the remainder when 61560 is divided by 982.
676
Calculate the remainder when 10101895 is divided by 12.
7
Calculate the remainder when 308632 is divided by 287.
107
Calculate the remainder when 3934479 is divided by 319.
252
Calculate the remainder when 537103 is divided by 465.
28
Calculate the remainder when 409679 is divided by 290.
199
Calculate the remainder when 489518 is divided by 2309.
10
What is the remainder when 1705943 is divided by 271?
269
Calculate the remainder when 11043113 is divided by 109.
105
Calculate the remainder when 11370865 is divided by 271.
247
Calculate the remainder when 269086 is divided by 652.
462
What is the remainder when 1658846 is divided by 226?
6
What is the remainder when 1230053 is divided by 94?
63
What is the remainder when 1183001 is divided by 154?
127
What is the remainder when 3929570 is divided by 659?
612
Calculate the remainder when 1140387 is divided by 81435.
297
What is the remainder when 388909 is divided by 323?
17
What is the remainder when 184404 is divided by 60277?
3573
What is the remainder when 1988142 is divided by 1987968?
174
Calculate the remainder when 509996006 is divided by 3321.
3320
Calculate the remainder when 32520528 is divided by 26184.
0
Calculate the remainder when 109297 is divided by 1373.
830
Calculate the remainder when 1212135 is divided by 360.
15
What is the remainder when 152007 is divided by 90?
87
What is the remainder when 258136 is divided by 234?
34
Calculate the remainder when 145163 is divided by 282.
215
What is the remainder when 374443 is divided by 81?
61
What is the remainder when 42490 is divided by 1570?
100
Calculate the remainder when 38806014 is divided by 43262.
0
Calculate the remainder when 18017572 is divided by 232.
220
What is the remainder when 1009143 is divided by 50456?
23
What is the remainder when 1664937 is divided by 832?
105
Calculate the remainder when 884990 is divided by 6.
2
What is the remainder when 32423 is divided by 72